r when 36660 is divided by 4065.
75
What is the remainder when 20149663 is divided by 10939?
25
What is the remainder when 21726432 is divided by 31?
20
Calculate the remainder when 42811 is divided by 408.
379
What is the remainder when 2605102 is divided by 289453?
25
What is the remainder when 382019559 is divided by 11?
9
What is the remainder when 316628 is divided by 79148?
36
What is the remainder when 601192 is divided by 7921?
7117
Calculate the remainder when 5840 is divided by 4345.
1495
Calculate the remainder when 8394433 is divided by 152626.
3
Calculate the remainder when 52248 is divided by 53.
43
What is the remainder when 180318081 is divided by 421?
413
Calculate the remainder when 542342 is divided by 67566.
1814
Calculate the remainder when 116462 is divided by 36.
2
Calculate the remainder when 50243741 is divided by 16747913.
2
What is the remainder when 128940 is divided by 16107?
84
What is the remainder when 77440 is divided by 37190?
3060
What is the remainder when 4034435 is divided by 245?
20
Calculate the remainder when 467948 is divided by 49.
47
What is the remainder when 45237 is divided by 15042?
111
What is the remainder when 336085452 is divided by 10841466?
6
Calculate the remainder when 2837513 is divided by 549.
281
Calculate the remainder when 72510 is divided by 1155.
900
Calculate the remainder when 911718 is divided by 14026.
28
What is the remainder when 36542 is divided by 2314?
1832
What is the remainder when 1776755 is divided by 31171?
8
What is the remainder when 533930848 is divided by 4363?
4360
What is the remainder when 5494786 is divided by 13?
11
What is the remainder when 93233 is divided by 126?
119
Calculate the remainder when 19587760 is divided by 1988.
1984
What is the remainder when 21005 is divided by 1045?
105
Calculate the remainder when 2892967 is divided by 4735.
4617
Calculate the remainder when 128059 is divided by 1582.
1499
What is the remainder when 6014201 is divided by 3?
2
Calculate the remainder when 6969370 is divided by 303016.
2
Calculate the remainder when 865134 is divided by 2379.
1557
What is the remainder when 8180 is divided by 2649?
233
Calculate the remainder when 2729848 is divided by 62.
50
What is the remainder when 39069 is divided by 4311?
270
Calculate the remainder when 23047982 is divided by 56.
6
What is the remainder when 1506194 is divided by 47068?
18
Calculate the remainder when 195937153 is divided by 48984286.
9
What is the remainder when 67428224 is divided by 2602?
2598
Calculate the remainder when 13344318 is divided by 17.
15
Calculate the remainder when 2589971 is divided by 2589967.
4
Calculate the remainder when 274827 is divided by 2055.
1512
Calculate the remainder when 3785442 is divided by 164.
158
What is the remainder when 179927 is divided by 298?
233
Calculate the remainder when 15575019 is divided by 155.
154
Calculate the remainder when 18121676 is divided by 129.
14
Calculate the remainder when 40124209 is divided by 1647.
1642
What is the remainder when 32996491 is divided by 2538191?
8
Calculate the remainder when 519486 is divided by 32465.
46
What is the remainder when 1023277 is divided by 386?
377
Calculate the remainder when 2472801 is divided by 6260.
101
What is the remainder when 22117859 is divided by 3645?
3644
Calculate the remainder when 277552487 is divided by 19.
12
Calculate the remainder when 431322 is divided by 639.
636
What is the remainder when 55169423 is divided by 42?
29
Calculate the remainder when 501641 is divided by 250696.
249
What is the remainder when 7591460 is divided by 115022?
8
What is the remainder when 9431097 is divided by 945?
942
Calculate the remainder when 7825826 is divided by 36569.
60
What is the remainder when 8203093 is divided by 246?
223
What is the remainder when 1874969 is divided by 10?
9
What is the remainder when 3203241 is divided by 2692?
2453
What is the remainder when 7478684 is divided by 623219?
56
What is the remainder when 1480437 is divided by 416?
309
What is the remainder when 960357 is divided by 960354?
3
What is the remainder when 784472 is divided by 156584?
1552
Calculate the remainder when 5038066 is divided by 1137.
19
What is the remainder when 120036077 is divided by 40012020?
17
What is the remainder when 5726302 is divided by 227?
0
Calculate the remainder when 218765211 is divided by 6.
3
What is the remainder when 1098742 is divided by 274673?
50
Calculate the remainder when 1110440 is divided by 373.
19
What is the remainder when 268739754 is divided by 5709?
5706
What is the remainder when 17805 is divided by 5911?
72
What is the remainder when 113305 is divided by 470?
35
What is the remainder when 81533874 is divided by 20383466?
10
What is the remainder when 19047651 is divided by 19?
18
What is the remainder when 79635202 is divided by 26?
10
Calculate the remainder when 596851 is divided by 298275.
301
What is the remainder when 35258 is divided by 11355?
1193
Calculate the remainder when 25732 is divided by 1337.
329
What is the remainder when 1968158 is divided by 15257?
5
What is the remainder when 824204 is divided by 611?
576
What is the remainder when 3513230 is divided by 757?
750
What is the remainder when 53002 is divided by 8819?
88
What is the remainder when 77000 is divided by 400?
200
Calculate the remainder when 3755369 is divided by 1568.
9
What is the remainder when 21360327 is divided by 21360317?
10
What is the remainder when 583711 is divided by 592?
591
What is the remainder when 259101 is divided by 86350?
51
What is the remainder when 37829 is divided by 2520?
29
What is the remainder when 5579 is divided by 4223?
1356
What is the remainder when 124387 is divided by 1439?
633
Calculate the remainder when 771890 is divided by 1031.
702
Calculate the remainder when 46432 is divided by 255.
22
Calculate the remainder when 24835 is divided by 2435.
485
Calculate the remainder when 163581 is divided by 40864.
125
What is the remainder when 3142981 is divided by 1047477?
550
What is the remainder when 115948123 is divided by 1870131?
1
What is the remainder when 11335679 is divided by 96?
95
Calculate the remainder when 209201 is divided by 2682.
5
What is the remainder when 101463 is divided by 1072?
695
What is the remainder when 1292170 is divided by 10768?
10
Calculate the remainder when 471028 is divided by 5.
3
What is the remainder when 27414 is divided by 12933?
1548
What is the remainder when 15507957 is divided by 278?
5
What is the remainder when 122450507 is divided by 40816827?
26
What is the remainder when 13418681 is divided by 6?
5
Calculate the remainder when 280810 is divided by 8769.
202
Calculate the remainder when 3817767 is divided by 27.
21
What is the remainder when 100340 is divided by 100043?
297
Calculate the remainder when 24775 is divided by 1905.
10
Calculate the remainder when 137215703 is divided by 485.
473
Calculate the remainder when 24642975 is divided by 4024.
4023
Calculate the remainder when 2840943 is divided by 2840936.
7
What is the remainder when 680475 is divided by 2418?
1017
Calculate the remainder when 74745467 is divided by 228.
227
Calculate the remainder when 14954 is divided by 649.
27
What is the remainder when 555621 is divided by 11511?
3093
What is the remainder when 66299876 is divided by 243?
242
Calculate the remainder when 110426 is divided by 32792.
12050
What is the remainder when 122122 is divided by 848?
10
What is the remainder when 159957 is divided by 4435?
297
Calculate the remainder when 129174778 is divided by 32293691.
14
What is the remainder when 117023944 is divided by 7164?
4
Calculate the remainder when 19791640 is divided by 432.
424
Calculate the remainder when 39488 is divided by 9467.
1620
What is the remainder when 14661766 is divided by 33?
31
Calculate the remainder when 476680 is divided by 144.
40
What is the remainder when 1570020 is divided by 74611?
3189
Calculate the remainder when 269207 is divided by 89734.
5
Calculate the remainder when 1423208 is divided by 30939.
14
Calculate the remainder when 105027 is divided by 52319.
389
What is the remainder when 5861051 is divided by 136?
131
What is the remainder when 16021486 is divided